{"id":114,"date":"2026-02-06T17:03:49","date_gmt":"2026-02-06T17:03:49","guid":{"rendered":"https:\/\/hns.fi\/?page_id=114"},"modified":"2026-03-04T05:59:13","modified_gmt":"2026-03-04T05:59:13","slug":"jasentuotteet","status":"publish","type":"page","link":"https:\/\/hns.fi\/?page_id=114","title":{"rendered":"J\u00e4sentuotteet"},"content":{"rendered":"\n<p><strong>J\u00e4sentuotteiden hankinta<\/strong><\/p>\n\n\n\n<p><br>J\u00e4sentuotteita on kahdessa ryhm\u00e4ss\u00e4. HNS-j\u00e4sentuotteita myyd\u00e4\u00e4n kaikille HNS-j\u00e4senille. Navigaatioliiton j\u00e4sentuotteita myyd\u00e4\u00e4n vain liiton hyv\u00e4ksymille laivureille (saaristo-, rannikko- tai avomerilaivuri).<\/p>\n\n\n\n<div class=\"wp-block-columns is-layout-flex wp-container-core-columns-is-layout-07b7b7eb wp-block-columns-is-layout-flex\" style=\"padding-top:0;padding-right:0;padding-bottom:0;padding-left:0\">\n<div class=\"wp-block-column is-layout-flow wp-container-core-column-is-layout-f016c79b wp-block-column-is-layout-flow\" style=\"padding-top:0;padding-right:0;padding-bottom:0;padding-left:0;flex-basis:33.34%\">\n<p>J\u00e4sentuotteiden ostoa varten sinun on kirjauduttava verkkokauppaamme. Kaikki j\u00e4sentuotteet on noudettava toimistoltamme.<\/p>\n\n\n\n<p>Tuotteet postitetaan MyClub:n tiedoissa olevaan osoitteeseen, joten varmistathan, ett\u00e4 yhteystiedot ovat ajan tasalla.<\/p>\n<\/div>\n\n\n\n<div class=\"wp-block-column is-layout-flow wp-block-column-is-layout-flow\" style=\"flex-basis:33.34%\">\n<figure class=\"wp-block-image size-large\"><img loading=\"lazy\" decoding=\"async\" width=\"1024\" height=\"621\" src=\"https:\/\/hns.fi\/wp-content\/uploads\/2026\/02\/HNS_viiri-1024x621.png\" alt=\"\" class=\"wp-image-122\" srcset=\"https:\/\/hns.fi\/wp-content\/uploads\/2026\/02\/HNS_viiri-1024x621.png 1024w, https:\/\/hns.fi\/wp-content\/uploads\/2026\/02\/HNS_viiri-300x182.png 300w, https:\/\/hns.fi\/wp-content\/uploads\/2026\/02\/HNS_viiri-768x465.png 768w, https:\/\/hns.fi\/wp-content\/uploads\/2026\/02\/HNS_viiri-1536x931.png 1536w, https:\/\/hns.fi\/wp-content\/uploads\/2026\/02\/HNS_viiri-2048x1241.png 2048w\" sizes=\"auto, (max-width: 1024px) 100vw, 1024px\" \/><\/figure>\n<\/div>\n\n\n\n<div class=\"wp-block-column is-layout-flow wp-block-column-is-layout-flow\" style=\"flex-basis:33.33%\">\n<figure class=\"wp-block-image size-large\"><img loading=\"lazy\" decoding=\"async\" width=\"1024\" height=\"633\" src=\"https:\/\/hns.fi\/wp-content\/uploads\/2026\/02\/Kotiluoto-T-paita-1024x633.jpg\" alt=\"\" class=\"wp-image-121\" srcset=\"https:\/\/hns.fi\/wp-content\/uploads\/2026\/02\/Kotiluoto-T-paita-1024x633.jpg 1024w, https:\/\/hns.fi\/wp-content\/uploads\/2026\/02\/Kotiluoto-T-paita-300x185.jpg 300w, https:\/\/hns.fi\/wp-content\/uploads\/2026\/02\/Kotiluoto-T-paita-768x475.jpg 768w, https:\/\/hns.fi\/wp-content\/uploads\/2026\/02\/Kotiluoto-T-paita-1536x950.jpg 1536w, https:\/\/hns.fi\/wp-content\/uploads\/2026\/02\/Kotiluoto-T-paita.jpg 1551w\" sizes=\"auto, (max-width: 1024px) 100vw, 1024px\" \/><\/figure>\n<\/div>\n<\/div>\n\n\n\n<p><\/p>\n\n\n\n<p>Sovelluksen verkkokaupan toiminnot eiv\u00e4t kaikilta osin oikein istu meid\u00e4n toimintamalliimme, mutta niille emme ik\u00e4v\u00e4 kyll\u00e4 voi mit\u00e4\u00e4n. Sovellus on tehty urheiluseurojen seuratoimintaan ja pienimuotoiseen j\u00e4sentuotteiden myyntiin. <\/p>\n\n\n\n<div class=\"wp-block-columns is-layout-flex wp-container-core-columns-is-layout-a5331a9e wp-block-columns-is-layout-flex\" style=\"padding-top:0;padding-right:0;padding-bottom:0;padding-left:0\">\n<div class=\"wp-block-column is-vertically-aligned-bottom is-layout-flow wp-block-column-is-layout-flow\" style=\"flex-basis:31%\">\n<p style=\"margin-top:var(--wp--preset--spacing--20);margin-bottom:var(--wp--preset--spacing--20)\">HNS-j\u00e4sentuotteiden ostoon p\u00e4\u00e4set t\u00e4st\u00e4 linkist\u00e4:<\/p>\n<\/div>\n\n\n\n<div class=\"wp-block-column is-layout-flow wp-block-column-is-layout-flow\" style=\"flex-basis:49.99%\">\n<div class=\"wp-block-buttons is-layout-flex wp-block-buttons-is-layout-flex\">\n<div class=\"wp-block-button\"><a class=\"wp-block-button__link wp-element-button\" href=\"https:\/\/hns.fi\/?page_id=291\">Verkkokauppa<\/a><\/div>\n<\/div>\n<\/div>\n<\/div>\n\n\n\n<div class=\"wp-block-columns is-layout-flex wp-container-core-columns-is-layout-4109350d wp-block-columns-is-layout-flex\" style=\"margin-top:0;margin-bottom:0;padding-top:0;padding-right:0;padding-bottom:0;padding-left:0\">\n<div class=\"wp-block-column is-layout-flow wp-block-column-is-layout-flow\"><\/div>\n\n\n\n<div class=\"wp-block-column is-layout-flow wp-block-column-is-layout-flow\"><\/div>\n<\/div>\n\n\n\n\n\n<p><\/p>\n","protected":false},"excerpt":{"rendered":"<p>J\u00e4sentuotteiden hankinta J\u00e4sentuotteita on kahdessa ryhm\u00e4ss\u00e4. HNS-j\u00e4sentuotteita myyd\u00e4\u00e4n kaikille HNS-j\u00e4senille. Navigaatioliiton j\u00e4sentuotteita myyd\u00e4\u00e4n vain liiton hyv\u00e4ksymille laivureille (saaristo-, rannikko- tai [&hellip;]<\/p>\n","protected":false},"author":1,"featured_media":0,"parent":0,"menu_order":0,"comment_status":"closed","ping_status":"closed","template":"","meta":{"site-sidebar-layout":"default","site-content-layout":"","ast-site-content-layout":"default","site-content-style":"default","site-sidebar-style":"default","ast-global-header-display":"","ast-banner-title-visibility":"","ast-main-header-display":"","ast-hfb-above-header-display":"","ast-hfb-below-header-display":"","ast-hfb-mobile-header-display":"","site-post-title":"","ast-breadcrumbs-content":"","ast-featured-img":"","footer-sml-layout":"","ast-disable-related-posts":"","theme-transparent-header-meta":"","adv-header-id-meta":"","stick-header-meta":"","header-above-stick-meta":"","header-main-stick-meta":"","header-below-stick-meta":"","astra-migrate-meta-layouts":"default","ast-page-background-enabled":"default","ast-page-background-meta":{"desktop":{"background-color":"var(--ast-global-color-5)","background-image":"","background-repeat":"repeat","background-position":"center center","background-size":"auto","background-attachment":"scroll","background-type":"","background-media":"","overlay-type":"","overlay-color":"","overlay-opacity":"","overlay-gradient":""},"tablet":{"background-color":"","background-image":"","background-repeat":"repeat","background-position":"center center","background-size":"auto","background-attachment":"scroll","background-type":"","background-media":"","overlay-type":"","overlay-color":"","overlay-opacity":"","overlay-gradient":""},"mobile":{"background-color":"","background-image":"","background-repeat":"repeat","background-position":"center center","background-size":"auto","background-attachment":"scroll","background-type":"","background-media":"","overlay-type":"","overlay-color":"","overlay-opacity":"","overlay-gradient":""}},"ast-content-background-meta":{"desktop":{"background-color":"var(--ast-global-color-4)","background-image":"","background-repeat":"repeat","background-position":"center center","background-size":"auto","background-attachment":"scroll","background-type":"","background-media":"","overlay-type":"","overlay-color":"","overlay-opacity":"","overlay-gradient":""},"tablet":{"background-color":"var(--ast-global-color-4)","background-image":"","background-repeat":"repeat","background-position":"center center","background-size":"auto","background-attachment":"scroll","background-type":"","background-media":"","overlay-type":"","overlay-color":"","overlay-opacity":"","overlay-gradient":""},"mobile":{"background-color":"var(--ast-global-color-4)","background-image":"","background-repeat":"repeat","background-position":"center center","background-size":"auto","background-attachment":"scroll","background-type":"","background-media":"","overlay-type":"","overlay-color":"","overlay-opacity":"","overlay-gradient":""}},"footnotes":""},"class_list":["post-114","page","type-page","status-publish","hentry"],"_links":{"self":[{"href":"https:\/\/hns.fi\/index.php?rest_route=\/wp\/v2\/pages\/114","targetHints":{"allow":["GET"]}}],"collection":[{"href":"https:\/\/hns.fi\/index.php?rest_route=\/wp\/v2\/pages"}],"about":[{"href":"https:\/\/hns.fi\/index.php?rest_route=\/wp\/v2\/types\/page"}],"author":[{"embeddable":true,"href":"https:\/\/hns.fi\/index.php?rest_route=\/wp\/v2\/users\/1"}],"replies":[{"embeddable":true,"href":"https:\/\/hns.fi\/index.php?rest_route=%2Fwp%2Fv2%2Fcomments&post=114"}],"version-history":[{"count":2,"href":"https:\/\/hns.fi\/index.php?rest_route=\/wp\/v2\/pages\/114\/revisions"}],"predecessor-version":[{"id":411,"href":"https:\/\/hns.fi\/index.php?rest_route=\/wp\/v2\/pages\/114\/revisions\/411"}],"wp:attachment":[{"href":"https:\/\/hns.fi\/index.php?rest_route=%2Fwp%2Fv2%2Fmedia&parent=114"}],"curies":[{"name":"wp","href":"https:\/\/api.w.org\/{rel}","templated":true}]}}